7
List the prime factors of 3855.
3, 5, 257
List the prime factors of 125147.
11, 31, 367
What are the prime factors of 43378?
2, 23, 41
List the prime factors of 2634.
2, 3, 439
List the prime factors of 5874.
2, 3, 11, 89
What are the prime factors of 7728?
2, 3, 7, 23
What are the prime factors of 3586?
2, 11, 163
What are the prime factors of 18141?
3, 6047
What are the prime factors of 4565?
5, 11, 83
What are the prime factors of 62291?
167, 373
What are the prime factors of 60116?
2, 7, 19, 113
What are the prime factors of 9246?
2, 3, 23, 67
What are the prime factors of 16993?
16993
List the prime factors of 2025.
3, 5
List the prime factors of 161265.
3, 5, 13, 827
List the prime factors of 682.
2, 11, 31
What are the prime factors of 23225?
5, 929
List the prime factors of 136243.
41, 3323
What are the prime factors of 2304?
2, 3
List the prime factors of 7063.
7, 1009
What are the prime factors of 3631?
3631
What are the prime factors of 13101?
3, 11, 397
What are the prime factors of 24800?
2, 5, 31
List the prime factors of 4352.
2, 17
List the prime factors of 942.
2, 3, 157
What are the prime factors of 18250?
2, 5, 73
List the prime factors of 16997.
23, 739
What are the prime factors of 92600?
2, 5, 463
What are the prime factors of 349?
349
What are the prime factors of 14347?
14347
List the prime factors of 8761.
8761
What are the prime factors of 11967?
3, 3989
What are the prime factors of 9740?
2, 5, 487
What are the prime factors of 456?
2, 3, 19
List the prime factors of 1629.
3, 181
What are the prime factors of 12618?
2, 3, 701
What are the prime factors of 10272?
2, 3, 107
What are the prime factors of 15140?
2, 5, 757
List the prime factors of 1387.
19, 73
What are the prime factors of 6957?
3, 773
List the prime factors of 1328.
2, 83
What are the prime factors of 13612?
2, 41, 83
What are the prime factors of 2160?
2, 3, 5
List the prime factors of 34295.
5, 19
What are the prime factors of 1597?
1597
List the prime factors of 938.
2, 7, 67
List the prime factors of 55177.
23, 2399
What are the prime factors of 46365?
3, 5, 11, 281
List the prime factors of 11936.
2, 373
List the prime factors of 984.
2, 3, 41
List the prime factors of 136356.
2, 3, 11, 1033
List the prime factors of 5887.
7, 29
What are the prime factors of 9677?
9677
What are the prime factors of 2844?
2, 3, 79
List the prime factors of 8080.
2, 5, 101
What are the prime factors of 198?
2, 3, 11
List the prime factors of 19583.
19583
List the prime factors of 49110.
2, 3, 5, 1637
What are the prime factors of 1943?
29, 67
What are the prime factors of 1837?
11, 167
What are the prime factors of 9484?
2, 2371
List the prime factors of 11237.
17, 661
List the prime factors of 62334.
2, 3, 3463
List the prime factors of 59553.
3, 13, 509
What are the prime factors of 54423?
3, 6047
What are the prime factors of 75865?
5, 15173
List the prime factors of 10406.
2, 11, 43
List the prime factors of 939.
3, 313
What are the prime factors of 9794?
2, 59, 83
What are the prime factors of 44711?
44711
List the prime factors of 1042.
2, 521
List the prime factors of 1141.
7, 163
What are the prime factors of 23879?
23879
List the prime factors of 13789.
13789
List the prime factors of 6674.
2, 47, 71
What are the prime factors of 1101?
3, 367
What are the prime factors of 3114?
2, 3, 173
List the prime factors of 4313.
19, 227
What are the prime factors of 677?
677
List the prime factors of 2136.
2, 3, 89
What are the prime factors of 5607?
3, 7, 89
List the prime factors of 5156.
2, 1289
What are the prime factors of 979?
11, 89
What are the prime factors of 24?
2, 3
What are the prime factors of 21010?
2, 5, 11, 191
What are the prime factors of 5749?
5749
What are the prime factors of 2345?
5, 7, 67
What are the prime factors of 15710?
2, 5, 1571
What are the prime factors of 31608?
2, 3, 439
List the prime factors of 662.
2, 331
List the prime factors of 2899.
13, 223
What are the prime factors of 35514?
2, 3, 1973
List the prime factors of 162.
2, 3
List the prime factors of 31274.
2, 19, 823
What are the prime factors of 25309?
25309
List the prime factors of 2139.
3, 23, 31
List the prime factors of 699.
3, 233
List the prime factors of 33364.
2, 19, 439
What are the prime factors of 33780?
2, 3, 5, 563
What are the prime factors of 42670?
2, 5, 17, 251
List the prime factors of 29175.
3, 5, 389
What are the prime factors of 1403?
23, 61
List the prime factors of 2187.
3
List the prime factors of 1718.
2, 859
List the prime factors of 27682.
2, 13841
What are the prime factors of 2554?
2, 1277
What are the prime factors of 4024?
2, 503
List the prime factors of 6456.
2, 3, 269
What are the prime factors of 9972?
2, 3, 277
List the prime factors of 11114.
2, 5557
List the prime factors of 8842.
2, 4421
What are the prime factors of 883?
883
List the prime factors of 4537.
13, 349
What are the prime factors of 176?
2, 11
List the prime factors of 13451.
13451
List the prime factors of 4394.
2, 13
List the prime factors of 2869.
19, 151
What are the prime factors of 5803?
7, 829
List the prime factors of 623.
7, 89
List the prime factors of 6470.
2, 5, 647
List the prime factors of 50080.
2, 5, 313
List the prime factors of 9726.
2, 3, 1621
What are the prime factors of 2792?
2, 349
What are the prime factors of 1437?
3, 479
What are the prime factors of 1003?
17, 59
What are the prime factors of 62323?
62323
List the prime factors of 1742.
2, 13, 67
List the prime factors of 239.
239
What are the prime factors of 64767?
3, 21589
What are the prime factors of 1339?
13, 103
What are the prime factors of 69368?
2, 13, 23, 29
List the prime factors of 707.
7, 101
List the prime factors of 10379.
97, 107
List the prime factors of 9476.
2, 23, 103
List the prime factors of 20493.
3, 11, 23
What are the prime factors of 885?
3, 5, 59
List the prime factors of 747.
3, 83
What are the prime factors of 6226?
2, 11, 283
What are the prime factors of 4257?
3, 11, 43
List the prime factors of 688.
2, 43
What are the prime factors of 458?
2, 229
List the prime factors of 17404.
2, 19, 229
What are the prime factors of 48992?
2, 1531
What are the prime factors of 1330?
2, 5, 7, 19
List the prime factors of 34113.
3, 83, 137
List the prime factors of 960.
2, 3, 5
List the prime factors of 489.
3, 163
List the prime factors of 9251.
11, 29
List the prime factors of 496.
2, 31
List the prime factors of 12406.
2, 6203
What are the prime factors of 361?
19
What are the prime factors of 527?
17, 31
What are the prime factors of 7023?
3, 2341
List the prime factors of 28780.
2, 5, 1439
What are the prime factors of 54880?
2, 5, 7
List the prime factors of 19512.
2, 3, 271
List the prime factors of 97256.
2, 12157
List the prime factors of 6293.
7, 29, 31
List the prime factors of 43451.
43451
What are the prime factors of 26804?
2, 6701
What are the prime factors of 4531?
23, 197
List the prime factors of 53612.
2, 13, 1031
List the prime factors of 523.
523
What are the prime factors of 55737?
3, 11, 563
What are the prime factors of 130372?
2, 11, 2963
List the prime factors of 4277.
7, 13, 47
What are the prime factors of 97504?
2, 11, 277
What are the prime factors of 6602?
2, 3301
What are the prime factors of 198790?
2, 5, 103, 193
What are the prime factors of 9298?
2, 4649
What are the prime factors of 40383?
3, 7, 641
List the prime factors of 4032.
2, 3, 7
List the prime factors of 60995.
5, 11, 1109
List the prime factors of 2670.
2, 3, 5, 89
What are the prime factors of 513?
3, 19
List the prime factors of 25477.
73, 349
What are the prime factors of 5209?
5209
List the prime factors of 12396.
2, 3, 1033
List the prime factors of 287.
7, 41
What are the prime factors of 11388?
2, 3, 13, 73
What are the prime factors of 3500?
2, 5, 7
What are the prime factors of 19719?
3, 7, 313
List the prime factors of 6327.
3, 19, 37
List the prime factors of 319.
11, 29
List the prime factors of 1586.
2, 13, 61
List the prime factors of 13030.
2, 5, 1303
What are the prime factors of 1389?
3, 463
List the prime factors of 101.
101
List the prime factors of 462.
2, 3, 7, 11
What are the prime factors of 5966?
2, 19, 157
What are the prime factors of 92?
2, 23
List the 